3*a - 2. What is the remainder when 37 is divided by o(4)?
7
Let t(k) = -2*k + 6. Let i be t(6). Suppose -5*c - 27 = -5*l + 3, 5*l - 16 = -2*c. What is the remainder when l is divided by 1/2 - i/4?
0
Suppose 4*k + 2*n - 6*n = 228, -2*n = 4*k - 228. What is the remainder when k is divided by 5?
2
Suppose -2*s = s. Suppose 3 = -4*h + 15, s = 2*f - 4*h + 78. Let q = f - -51. Calculate the remainder when 53 is divided by q.
17
What is the remainder when 1463/21 + (-4)/6 is divided by 24?
21
Suppose 3*z + 3 = 6*z. Calculate the remainder when 4 is divided by z.
0
Let c = -26 + 26. Suppose 2*z + 3*n - 62 = -2*n, 4*z - 3*n - 124 = c. What is the remainder when z is divided by 1 - 1 - 11/(-1)?
9
Let c = 118 - 98. Calculate the remainder when c is divided by 9.
2
Suppose -3*u + 40 = 2*u. Let z = -30 + 49. Calculate the remainder when z is divided by 0 + u + (-6)/6.
5
Suppose 2*o = -2*r - 0*r + 50, 3*r - 12 = 0. What is the remainder when o is divided by 8?
5
Let z = -84 - -87. Let l(k) = k**3 + 4*k**2 - 8*k - 7. Calculate the remainder when l(-5) is divided by z.
2
Let s = 3 + 40. Let i = 17 - 2. What is the remainder when s is divided by i?
13
Let q(p) = -p + 1. Let c(d) = d**2 - 12*d - 15. What is the remainder when c(14) is divided by q(-3)?
1
Suppose -z - 6 = -3*z + 2*v, 5*z + 3*v = 23. Calculate the remainder when 33 is divided by z.
1
Let j = 70 + -40. Suppose -5*v + j = -2*v. What is the remainder when v is divided by 2 + -1 + -1 + 4?
2
Suppose -r + 26 = w + r, 4*r + 12 = 2*w. What is the remainder when (58/4)/(3/6) is divided by w?
13
Let s(i) = 5*i - 1. Suppose -5*t + 5 + 10 = 0. Let x = t + 1. Calculate the remainder when s(x) is divided by 7.
5
Let y(f) = 2*f**2 - f - 4. Let w be y(-4). Suppose -d + w = 3*d. Calculate the remainder when 22 is divided by d.
6
Suppose 3*l = 2*l - 4*y + 29, -l = -5*y - 65. Suppose -l = -c - 4*c. Let z(n) = -n**2 + 13*n - 9. What is the remainder when c is divided by z(12)?
0
Let g = 138 + -108. What is the remainder when g is divided by 4?
2
Let v be (-7)/(-21) + (-14)/6. What is the remainder when 1 is divided by -1*v/(-2) + 2?
0
Suppose -6*p + 3*p = -198. Calculate the remainder when p is divided by 17.
15
Let z(s) be the first derivative of 3*s**2/2 - 2*s + 1. Let b be z(3). Suppose -b*n + 95 = -2*n. Calculate the remainder when 37 is divided by n.
18
What is the remainder when 22 is divided by (-4)/14 - (-60)/14?
2
Suppose 0 = -7*r + 130 + 3. Calculate the remainder when r is divided by 64/6 - 3/(-9).
8
Suppose 2*q + 4*y = 92, -3*q = -3*y + 4*y - 133. What is the remainder when q is divided by 12?
8
Let b = 49 - 24. Suppose 0 = -2*d - 4*d + 78. Calculate the remainder when b is divided by d.
12
Let h(k) = k**3 + 5*k**2 + k + 5. Let g be h(-5). Suppose g = -5*d + 2*p + 25, 2*d - 4*p + 2*p - 16 = 0. What is the remainder when 5 is divided by d?
2
Let u = 38 - 29. Let m = 7 - -27. What is the remainder when m is divided by u?
7
Let y(b) = b**3 + 5*b**2 + 2*b - 3. Let r(d) = -4 - 2 + 5 - 1 - 4*d. Calculate the remainder when r(-4) is divided by y(-4).
4
Calculate the remainder when 50 is divided by ((16 - 1) + 2)*1.
16
Let j(t) = 3*t - 20. What is the remainder when j(15) is divided by 6?
1
Suppose -2*k + 3*i + 257 = 2*k, 2*k - 5*i = 139. Let v(x) = 3*x**2 - 3*x + 1. Let q be v(-5). Let g = q - k. Calculate the remainder when g is divided by 10.
9
Let a = -7 - -19. What is the remainder when 496/6 + a/(-18) is divided by 21?
19
Suppose 3*o - 5 + 14 = 0, 5*n - o - 28 = 0. Suppose n*w - 12 = w. What is the remainder when 4 is divided by w?
1
Suppose -124 = -16*i + 15*i + 3*w, -392 = -3*i + 5*w. Calculate the remainder when i is divided by 24.
19
Let t = 10 + -10. Suppose t*r = -4*r + 28. What is the remainder when r is divided by 3?
1
Let j(n) = -27*n**2 - n - 3. Let h be (2/4)/(1/(-4)). Let z(p) = p**2 + p + 1. Let o(t) = h*z(t) - j(t). What is the remainder when o(1) is divided by 13?
12
Calculate the remainder when 29 is divided by 8/10 - (-357)/35.
7
Let g(z) = 8*z**2 + z - 4. Calculate the remainder when 116 is divided by g(2).
26
Let u(b) = -b - 2. Let w be u(-6). Suppose -2*y = -w*g, -2*g - 5*y + 30 = 3*g. Let r = 62 - 57. Calculate the remainder when r is divided by g.
1
Let o(a) = -a**2 - 2*a + 77. Calculate the remainder when o(0) is divided by 26.
25
Suppose -9 - 3 = -4*s. Suppose 0 = -3*g - o + 61, -5*g - 2*o + s*o + 115 = 0. Calculate the remainder when g is divided by (-5)/(-30) + (-71)/(-6).
10
Let j(p) = 0*p**2 - 2*p**2 + 44 + p**2. Let s be j(0). Suppose 1 = 5*r - s. What is the remainder when 17 is divided by r?
8
Let m(a) = 6*a + 20. Let w(p) = 2*p + 7. Let s(y) = -3*m(y) + 8*w(y). What is the remainder when 2 is divided by s(-3)?
0
Suppose -3*v + 3*i = -27, -3*v + 6 + 1 = i. Suppose 4*q = -5*c + 2*q - 2, v*c = -2*q. Let s = 8 + c. Calculate the remainder when 10 is divided by s.
4
Let t(j) be the third derivative of -j**4/12 - j**3 - 9*j**2. Calculate the remainder when 8 is divided by t(-5).
0
Suppose -5 = -5*q + 10, -84 = -5*g - 3*q. Let n = g - 0. Calculate the remainder when n is divided by 4.
3
Let t = 5 - 0. Suppose t*j = -5*f - 160, 4*j + 67 = -3*f - 59. What is the remainder when ((-5)/(-3))/((-2)/j) is divided by 9?
7
What is the remainder when 47 is divided by (-37)/(-3) + 2/(-6)?
11
Suppose -2*k + 16 = 3*n, -n = 3*k - 5*k - 8. Calculate the remainder when 16 is divided by n.
4
Let b = 8 + -6. Suppose -3*a + 21 = 9. Suppose -5*c - 4*o = -39, -b*o - 26 = -a*c + 26. What is the remainder when c is divided by 6?
5
Let o = 66 - 18. Calculate the remainder when o is divided by 13.
9
Suppose z + 13 - 40 = 0. Suppose 0 = 5*y - y - 16. Suppose -y*v + z = -29. What is the remainder when 40 is divided by v?
12
What is the remainder when (34/8)/((-5)/(-220)) is divided by 27?
25
Suppose 2*j - 5 - 45 = 0. Suppose -h + l + 15 = 5*l, 2*l - j = -h. What is the remainder when h is divided by 12?
11
Let q(h) = 3*h**3 + h - 4*h**3 + 9*h**2 - 4*h - 9. What is the remainder when q(8) is divided by 11?
9
Let w be (-118)/8 - 1/4. Let n be (-3)/6 + w/2. What is the remainder when 19 is divided by -1 - n/(-1 - -2)?
5
Let c be (-20)/6*(-36)/(-15). Let j be 10/c*-1*4. Suppose -j*g + 13 = -2*o, 2*g + 2 = o + 7. Calculate the remainder when 8 is divided by g.
2
Let l(b) = -30*b**3 + b**2 - b - 1. Let d = 7 - 10. Let h = 14 + d. Calculate the remainder when l(-1) is divided by h.
9
Suppose -v = -0*v - 53. Suppose -v = 4*n + 67. Let j = n - -58. Calculate the remainder when j is divided by 10.
8
Calculate the remainder when 3/2*2 - -19 is divided by 6.
4
Let x(d) = d**3 + 5*d**2 + 4*d + 7. Calculate the remainder when 87 is divided by x(-3).
9
Let i(b) = b**3 - 14*b**2 + 16*b - 12. Calculate the remainder when 159 is divided by i(13).
24
Let n(q) = -q**3 + 6*q**2 - 2*q - 3. Calculate the remainder when 47 is divided by n(5).
11
Suppose 23 = 3*c - 82. Suppose 3*y = y + m - 19, 0 = -5*y + 5*m - c. What is the remainder when 50 is divided by (7 + -6)*(1 - y)?
11
Let n = 38 - 26. What is the remainder when n is divided by 2*(-7)/(-4)*2?
5
Suppose -d + 4*d - 9 = 0. Suppose -1 + d = j. Suppose 3*p + 4 = 7*p. What is the remainder when j is divided by p?
0
Suppose -3*a = a - 136. What is the remainder when a is divided by 21?
13
Calculate the remainder when 263 is divided by (-1 + -43)/((-1)/(6 - 5)).
43
Let w = 1 + 2. Suppose 2*z = h + 74, -3*h = -w*z + 66 + 39. Calculate the remainder when z is divided by 10.
9
What is the remainder when 300/65*29 + 2/13 is divided by 27?
26
Let p(z) = -z**2 + 12*z - 5. What is the remainder when p(11) is divided by 2?
0
Let o(j) = j**3 + j**2 + 11. Let r = -24 - -55. Calculate the remainder when r is divided by o(0).
9
Suppose -10 = -f + 21. Let k = 0 + f. What is the remainder when k is divided by 17?
14
Suppose m - 86 - 35 = 0. Calculate the remainder when m is divided by 31.
28
Let y(d) = d**3 + 7*d**2 + 3*d + 2. Let a = 11 + -16. Let z = 1 + 12. What is the remainder when y(a) is divided by z?
11
Let y = -36 + 50. Let b = 23 - -4. Calculate the remainder when b is divided by y.
13
Suppose 0 = 2*a - 3*s - 29, -2*s = 2*a + 3*a - 63. Suppose 0 = -4*v + 20. What is the remainder when a is divided by v?
3
Let z(o) = 3*o + 0*o - 1 + 0*o. Suppose -3*s + 4*b + 27 = 0, -b = -2*b - 3.